the third derivative of n(j). Give l(2).
3
Let i(j) be the first derivative of -j**2/2 - 2*j - 2. Calculate i(-6).
4
Let n(x) = -3*x**2 + 14*x + 77. Let j(i) = i**2 - 5*i - 26. Let o(h) = 11*j(h) + 4*n(h). Give o(0).
22
Let h(v) = v**2 + v. Let l(t) = 4*t**3 - 2*t**2 - t + 1. Let r(b) = -2*h(b) - l(b). Calculate r(-1).
4
Let k(c) = -2*c - 6. Let o be k(-6). Let r(y) = -4*y**3 + 4*y**2 - 3*y - 8. Let f(q) = 5*q**3 - 3*q**2 + 2*q + 9. Let n(p) = -3*f(p) - 4*r(p). What is n(o)?
5
Let a = -2 + 5. Let h(k) = -9 + a - k**2 + 2*k - 7*k. Suppose w + 4 = -0. Give h(w).
-2
Let o be (9/6)/(2/(-4)). Let m(x) = -x**3 - 2*x**2 + 4*x + 4. Calculate m(o).
1
Let o(k) be the third derivative of k**6/120 + k**5/60 + k**4/12 + k**3/6 + k**2. Suppose 0 = -0*a - 12*a - 12. Calculate o(a).
-1
Let p(y) = y**3 + 0 + 7 + y + 4*y**2 - 4*y. Determine p(-5).
-3
Let c(y) = -2*y**3 + y**2 + y. Let u be c(-1). Let m(n) = n**2 + n**3 + 2 - 6*n + n**u + 7*n. Determine m(-3).
-10
Suppose 5 = -4*o - 19. Let k(q) = -2*q - 3 + 3*q + 11. Calculate k(o).
2
Let q(l) = 4*l**3 - 5*l**3 - 8*l - 8*l**2 + 60 - 50. Determine q(-7).
17
Suppose -4*s + 2*d = -d + 29, -2*d = -5*s - 45. Let r be (-1)/3*(s + 8). Let z(l) = -3*l**2 - l + 1. Determine z(r).
-3
Let o(f) = 4*f**2 - f. Let p be ((-12)/8)/((-6)/4). Determine o(p).
3
Let o(p) be the second derivative of -1/6*p**3 - 3*p - 1/2*p**2 + 0. Suppose 5*y - 23 = -d, 0*y + 25 = 3*y - 5*d. Calculate o(y).
-6
Let u be 10/6 + 4/(-6) + -2. Let j = 0 - -3. Let h(x) = -x**3 - x**j + 0*x**3 - x**2. Give h(u).
1
Let s(z) = 0*z + 2*z - 17 + 16. What is s(4)?
7
Let y = 0 - 3. Let j(v) = -v**2 - 3*v + 3. Give j(y).
3
Let a(n) be the first derivative of -n**6/120 - n**5/20 + n**4/12 - n**3/2 + n**2 - 3. Let r(f) be the second derivative of a(f). Determine r(-4).
5
Let q(c) be the third derivative of -5/6*c**3 - 7/24*c**4 + 0 - 6*c**2 + 0*c + 1/60*c**5. Determine q(7).
-5
Let f(m) = m**3 + 2*m**2 - 3*m - 7. Let t be f(-2). Let h(b) = 1 - b**2 + 2*b**2 + 0 + 2*b. Determine h(t).
0
Let s(g) = -3*g - 5. Let k(n) = -6*n - 9. Let h(r) = 4*k(r) - 7*s(r). Let z be 2/1 - 1 - 5. Let i(t) = 2*t + 5. Let d be i(z). Give h(d).
8
Let i(m) = -m**3 - m - 1. Let n(y) = -y**3 + y**2 + y + 1. Let v(f) = -i(f) - n(f). Let w be (0 + 0)/(-2 + 4). Suppose 5*r - 1 - 4 = w. What is v(r)?
1
Let j(n) = 2*n + 1 + 0*n - 4*n + 6*n. Give j(1).
5
Let d(v) = -64 + 64 + v. Calculate d(6).
6
Let i(s) = -2*s + 1. Suppose 32 = -5*b - 28. Let q = -2 - b. Suppose -1 + 3 = m + r, -5*r - q = -5*m. Calculate i(m).
-3
Let g(x) = -3*x. Let t(o) = -10*o. Let k(z) = -7*g(z) + 2*t(z). Determine k(4).
4
Let l(p) be the third derivative of -p**6/120 - p**5/60 + 10*p**3/3 - 3*p**2. Let j be l(0). Suppose -6*s + j = -11*s. Let k(t) = -t**2 + 4. Calculate k(s).
-12
Let j(f) = f**2 - 10*f - 6. Let d be j(10). Let y(g) = g + 1. Calculate y(d).
-5
Suppose 0 = -i - 3*i - 3*v + 23, 2*i - 12 = -2*v. Suppose -i*r = -r - 8. Let h(j) = -2*j - r + 4 + 4*j. Determine h(-3).
-4
Let b = -90 + 85. Let n(d) = d**3 + 6*d**2 + 3*d - 4. Give n(b).
6
Let y(l) = l**3 - 6*l**2 + 6*l - 1. Let m = 2 + -15. Let j = 17 + m. Give y(j).
-9
Suppose -5*c = -m - 11, 1 = -5*m - 3*c + 2. Let n(l) = -9*l**2 - l - 1. Calculate n(m).
-9
Let s(i) = 5 - 5 + 2*i**2 - 1 + 2*i. Give s(1).
3
Suppose 0 = -0*v + 2*v - 2, 3*u - 2*v = 4. Let q(x) be the first derivative of 3*x + 1/4*x**4 + 7/2*x**2 - 3 + u*x**3. Calculate q(-5).
-7
Let w = 4 - -7. Let k = -7 + w. Let b(p) = p**2 - 2*p - 11. Let g(a) = -a**2 + 2*a + 10. Let z(d) = -5*b(d) - 6*g(d). Calculate z(k).
3
Let h(a) be the second derivative of -a**6/360 + 7*a**5/120 + 2*a**4/3 - 11*a. Let q(b) be the third derivative of h(b). Determine q(-5).
17
Let k(j) = -j**3 - j**2 + 4*j + 1. Let s(n) = -1. Let w(u) = k(u) + 2*s(u). Calculate w(-3).
5
Let o(w) = -w**2 - 1. Let t(j) = j**3 - 3*j**2 + 2*j + 2. Let d be t(3). Let h(a) = 5*a + 2. Let v be h(d). Let z be ((-24)/v)/(2/(-7)). Give o(z).
-5
Let k(h) = -h**3 - 3*h**2 - 2*h. Suppose -7 - 2 = -3*d. Suppose -d*a - 3*b - 162 = 0, 5*a + b + 0*b + 270 = 0. Let w be (-9)/a + 26/(-12). Determine k(w).
0
Let c(b) = b**2 + b - 4. Let i be c(-3). Suppose 0 = -4*a + i*a - 2, -3*u = -a - 1. Let z(v) = -2*v + v - 316 + 320. Give z(u).
4
Let g(i) = -i**3 + 7*i**2 - 4*i - 8. Let v be (-11 + 1)/(4/(-6)). Suppose 0 = -v*c + 10*c + 30. Calculate g(c).
4
Let m be (-106)/(-6) + (-2)/3. Let d(j) = 4*j**2 - 18*j**3 + m*j**3 + 6 - 4*j + j. What is d(4)?
-6
Suppose x - 5 = -0*x. Let s(b) = 18 - 11 - b - 2*b**2 + b**2 - x*b. What is s(-6)?
7
Let c be 14/8 - 1/(-4). Suppose -5*h = -c*m - 16, -5*m + 18 = -2*m + 3*h. Let u(x) = -3*x**3 + 3*x**2 - 1. Give u(m).
-13
Let v be 3 + 0/(3/(-3)). Suppose -32 = -4*o + v*m, 23 = -o - 5*m + 8. Let z(f) = f**3 - 5*f**2 - f + 2. Determine z(o).
-3
Let m(r) = -2*r + 1. Let g be m(-1). Let f(a) = g*a + 0*a + a**3 + 0*a**3 - 2 - 2*a + a**2. Let w be (2/2)/((-2)/4). Calculate f(w).
-8
Let u(a) = -a - 17 + 5 + 4 + 7 + a**2. Calculate u(0).
-1
Let r(y) = -y**2 - y - 3. Let u be (5 - (-1 + 4)) + -2. Determine r(u).
-3
Let o(t) = 4*t**3 + t**2 - t + 1. Let d(a) = 1 + 0*a**3 - 3*a**3 - a + 2*a**3. Suppose -8*c + 3*c = 0. Let x be d(c). Give o(x).
5
Let c(t) = 1 - 9 + 0 - t + 1. Determine c(-8).
1
Let c(y) = -2*y - 8. Let p(v) = -v - 1. Let b(m) = c(m) - 5*p(m). Determine b(3).
6
Let w be (1/(-2))/1*-2. Suppose 5*f + w = 4*f. Let u(l) = 161*l**3 - 160*l**3 + 2*l**2 + 0*l**2 - l**2. Determine u(f).
0
Let u(y) = y**2 - 6*y**3 + 4 - 2*y + 8*y**2 - 2*y. Let n(f) = f**3 - f**2. Let s(a) = 5*n(a) + u(a). Determine s(3).
1
Let j(y) = -y. Let u be (-161)/21 - (-6)/9. Calculate j(u).
7
Let j(q) = 2*q**3 - 13*q**2 - 3*q + 1. Let m(x) = x**3 - 6*x**2 - 2*x. Let z(l) = 2*j(l) - 5*m(l). Determine z(-2).
18
Let z(q) = -q**2 + 7*q - 1. Suppose 0 = -2*r - 0 + 2, 5*a - 5*r = 0. Suppose -3*g + 9 = k, k + 2*g = 4*g - a. Suppose -k*b + 5 = -2*b. Calculate z(b).
9
Suppose -20 = 5*a - 5*o, 2*a - o = -0*a - 7. Let f(u) = u**3 + 2*u**2 + 4*u. What is f(a)?
-21
Let x be (3/(-6))/(1/2). Suppose y - 2 = -y. Let d(r) = -r - 10*r**2 + y + r. What is d(x)?
-9
Let l(f) = -f + 7. Suppose 4*c - 5 = -5*k + 2, 3*c = 5*k + 14. Let s(q) = -4 - 2*q + 2*q + q. Let x(u) = c*l(u) + 5*s(u). What is x(3)?
7
Let m(y) = y**2 - 10*y. Suppose 3*s = 5*j + 4 + 2, 0 = s - 3*j + 2. Determine m(s).
-21
Let w(t) = -12*t**3 + t**2 + t - 1. Let n = -1 + 3. Suppose -n*r = 2*r - 4. Give w(r).
-11
Let o = 2 + 1. Suppose 5*z - 3*a + 12 = 0, 4*a + 0 = -o*z + 16. Let f(c) = 1 - 2 + 7 - c**2. Determine f(z).
6
Let o(m) = 7*m + 337*m**2 - 4 + 2 + 0 - 338*m**2. Let x(b) = b**2 + 4*b + 5. Let g be x(-4). Calculate o(g).
8
Let t(x) = -x**3 - 7*x**2 + 9*x + 2. Let l(m) = -m**3 + 5*m**2 - 2*m + 2. Let f be l(5). Determine t(f).
-6
Let f(k) = -k**2 - k + 17. Let u = 1 - 1. Calculate f(u).
17
Suppose -3*f + 4*f - 21 = 4*x, -20 = 5*x + 5*f. Let v = -1 + -2. Let b = x - v. Let k(h) = h**3 + 3*h**2. What is k(b)?
4
Let f(w) = w - 15*w**2 + 23*w**2 - 2*w + 2*w. Suppose -14*a + 10*a = -4. What is f(a)?
9
Let d(h) = -h**3 - 2 + h + 9 + 5*h - h**2 - 3*h**2. Give d(-5).
2
Let z(r) = r**2 + 2*r - 5. Let j(s) = -2*s**2 + s + 3. Let x be j(0). Suppose x*b + 3 = -9. Calculate z(b).
3
Let y(s) be the first derivative of s**2/2 - s + 8. Let h(x) = -4*x + 4. Let b(p) = 3*h(p) + 10*y(p). Calculate b(5).
-8
Suppose 0 = -57*x + 55*x - 4. Let h(p) = -p**3 + 3*p**2 + 3*p + 6. Let z(o) = o**2 + 4 - 2 + o - 1. Let s(d) = -h(d) + 4*z(d). Give s(x).
-8
Let j(c) = -11*c**2 + 3*c**2 + 7 + 6*c**2 + 3*c**2 + 4*c. Give j(-5).
12
Let o be (-4)/(-4)*(0 + 1). Let t(b) = 4 + 2*b - 3 + 2 - o. What is t(-5)?
-8
Let u(f) be the second derivative of -f**4/12 + f**3 - 3*f**2/2 - 2*f - 7. Suppose 0 = m - 4*s + 5, s = 4*m + 6*s - 22. What is u(m)?
6
Let y(s) = -s + 1. Let o(q) = -q**3 - q**2 - q + 3. Let m be o(0). Suppose 0 = m*p + u - 1, -4*p + 33 = -6*u + u. Let c be ((-2)/6)/(p/(-24)). What is y(c)?
-3
Let k(d) be the first derivative of -d**4/4 - d**3/3 + d**2/2 - 2*d + 1. Let x be 2 + (-2 - 0) + 0. Let o be 3 + (-4 - x) + 1. What is k(o)?
-2
Let p(f) be the third derivative of -f**4/24 + 4*f**3/3 + f**2. Let d = 33 + -33. Determine p(d).
8
Let v = 38 + -43. Let g(q) = 2*q**2 + 10*q + 5. Let j(n) = -5*n**2 - 2 - 3*n + 4*n**2 - 2*n. Let p(a) = -4*g(